3040. What are the prime factors of j?
2, 5, 19
Let o(c) = 204*c**2. Let k be o(1). Suppose -5*s = -3*j - 477, -5*s - 4*j = -280 - k. List the prime factors of s.
2, 3
What are the prime factors of 5 + (-2)/((-1371)/684 + 2)?
461
List the prime factors of (42/15)/((-4)/(-440)*2).
2, 7, 11
Suppose 0 = 52*l - 72*l + 35760. List the prime factors of l.
2, 3, 149
Suppose 27*a = 29*a + 5*s - 4263, -s + 6388 = 3*a. What are the prime factors of a?
2129
Suppose 0 = 3*c - 3*s - 3552, 2*s - 8 = -6. What are the prime factors of c?
3, 5, 79
Let h(y) = 76*y**2 + 15*y - 9. What are the prime factors of h(-3)?
2, 3, 5, 7
Let s be -1 - (-2*1 - 1). Suppose 0 = -y - 2*v, 5*v = -3*y + 4*y + 21. What are the prime factors of (-1)/s*(y - 32)?
19
Let l be 70/3*19/((-380)/(-168)). Suppose 3*g - 4*h = 280, 4*h - 2*h = -2*g + l. What are the prime factors of g?
2, 3
Suppose f - 4*v = -309, 0*v - 927 = 3*f + v. Let p = -167 - f. Suppose -2*h = -3*a - 81, 4*h - p = 2*a - 0. List the prime factors of h.
3, 11
What are the prime factors of (2 - 256)*(0 - (-1)/(-2))?
127
Suppose -3*c = 2*f - c - 202, -327 = -3*f + 3*c. Let w = 169 + f. What are the prime factors of w?
2, 137
Suppose -7*j + 2*j = 4*i - 32, 3*j - 2*i - 6 = 0. Suppose f + j*n = -4*f + 244, -2*n - 8 = 0. What are the prime factors of f?
2, 13
Suppose -15311 - 24724 = -15*p. List the prime factors of p.
17, 157
Suppose 0*q = 2*q - 10. Let i(l) = 2*l**2 + 6*l. Let j be i(-6). Suppose h + 3*p = 30, -2*h = -q*p + 3*p - j. List the prime factors of h.
3, 7
Let o = 0 + 2. Suppose -o*q = 2*q. Suppose 6 = 2*h, -3*d + 2*h + 66 = -q*h. List the prime factors of d.
2, 3
Let t(p) = 25*p + 5. Let j be 3/(-5) - (-180)/50. List the prime factors of t(j).
2, 5
Let g(h) = 7*h**2 + 6*h - 29. What are the prime factors of g(-8)?
7, 53
Suppose 0 = 67*t - 70*t + 351. List the prime factors of t.
3, 13
Suppose n + 2*y = -1, n - 4*y = 6*n + 11. Let p be -2 - (3 + n) - -3. List the prime factors of (-4)/8*p*-60.
2, 3, 5
Suppose 1 = 4*n + 5. Let r(a) = 5*a + 1. Let y be r(n). Let v(s) = -s**2 - 8*s. What are the prime factors of v(y)?
2
Let a be 8*(-2)/(-16)*4. What are the prime factors of a/(-6) + 339/9?
37
Let z = -554 + 571. List the prime factors of z.
17
Let p be 4415/25 + 6/15. Suppose -11*n + 10*n = -p. Suppose -3*o + n - 24 = -3*m, -5*m - 145 = -3*o. List the prime factors of o.
5, 11
Let c(t) be the first derivative of 7*t**3/3 - 4*t**2 - 11*t + 1. What are the prime factors of c(-3)?
2, 19
Let f = 140 + -98. Let b = f + -5. List the prime factors of b.
37
Let b(s) = 3*s + 2. Let j be b(3). Suppose 2*w - 17 = j. Let d = -8 + w. List the prime factors of d.
2, 3
Let p be 0*((-2)/4 + 0). Let d be 846/10 - ((-207)/(-45) + -4). Suppose 3*z - d = -3*b - 0*b, p = -4*z + 8. What are the prime factors of b?
2, 13
Let u = 1 - 1. Let y(r) = r**2 + 26*r + 72. Let t be y(-26). Suppose u = 4*p + 4*c - 144, -5*c = 2*p - 0*p - t. What are the prime factors of p?
2, 3
Let v be -1 + (9/(-3) - -1). Let g be 0*(v + (-10)/(-4)). List the prime factors of 16*2*(g - -1).
2
What are the prime factors of 6*3/(-9)*-1238?
2, 619
Let p(z) = z - 2. Let l be p(-2). Let y(b) = b + 8. Let u be y(l). Let t = u - -6. What are the prime factors of t?
2, 5
Let d = -102 + 51. Let h = d - -209. What are the prime factors of h?
2, 79
Let v = 69 - 65. List the prime factors of -1 + (-47)/(v + -5).
2, 23
Suppose 14*i - 28*i + 8708 = 0. What are the prime factors of i?
2, 311
Let n(j) = -24*j - 5. Let u be n(-8). Let s be u/66 - (-2)/12. Suppose -3*b + p + 163 = s*p, -82 = -2*b + 4*p. What are the prime factors of b?
3, 17
Let g = 235 - 111. Let l(k) = -10*k**3 - 2*k**2 + k + 1. Let d be l(-3). Suppose c + g = 2*v - c, 0 = -4*v + 5*c + d. What are the prime factors of v?
2, 3, 5
Let t = 1150 + -56. What are the prime factors of t?
2, 547
Let q(m) = -6*m - 10*m**2 + m**3 + 3*m + 16*m**2. Let t(l) = 5*l**3 - 1. Let b be t(-1). List the prime factors of q(b).
2, 3
Suppose -5*q + 159 = 2*i, q = -2*i + 6*q + 209. Let d = 62 - i. What are the prime factors of (-3)/2*880/d?
2, 11
Let o(j) = -4*j + 9*j + j**2 - 1 - 4*j - j**3. Let g be o(1). Suppose 0 = u - 3, -f + 10 = -g*u - 5*u. List the prime factors of f.
5
Suppose -6*q + 18 = -18. Let z(d) = 13*d - 48. What are the prime factors of z(q)?
2, 3, 5
Let u(s) = -56*s + 446. What are the prime factors of u(-10)?
2, 503
Let y(n) = 8*n**3 - 8*n**2 - 11*n. Let f(h) = 15*h**3 - 15*h**2 - 21*h - 1. Let r(x) = -6*f(x) + 11*y(x). List the prime factors of r(-3).
3, 7
Let g = 241 - 121. What are the prime factors of (g/24)/((-2)/(-4))?
2, 5
Suppose -2*x + 56 + 2 = -5*b, 3*b - 83 = -5*x. Suppose -40 = 14*h - x*h. Suppose -2*g = -h, 0 = -2*y + 5*y - g - 35. What are the prime factors of y?
13
Let l(u) = -u**3 + 12*u**2 + 6. Let f = 13 - 9. Suppose 4*h = -o - h + 7, 16 = o - f*h. What are the prime factors of l(o)?
2, 3
What are the prime factors of ((-224)/10)/((-31)/2480)?
2, 7
Let i(b) = b**2 + 28*b - 15. Let z(l) = -l**2 - l + 1. Let m(y) = i(y) + 2*z(y). List the prime factors of m(19).
2, 3, 5
Suppose -4*u + 1048 + 1532 = 0. List the prime factors of u.
3, 5, 43
Suppose 3*c + 488 = 7*c. Let x = c - -20. Let o = x + -93. What are the prime factors of o?
7
Suppose 6*l = -3408 + 9006. What are the prime factors of l?
3, 311
Let r(o) = 20*o - 80. List the prime factors of r(9).
2, 5
Let s(a) = a**2 - a - 1. Let c be s(-2). Suppose 2*v - 292 = u - 0*u, 3*v - 451 = -c*u. What are the prime factors of v?
3, 7
Suppose 59*w + 5457 = 3*l + 61*w, 3*w = 3*l - 5472. List the prime factors of l.
3, 607
Let t = 23 - 9. Suppose 2*g - t = -0*g. Suppose 5*f - g - 14 = -3*n, -3*f - 35 = -5*n. List the prime factors of n.
7
Let q be (1 + (-6044)/20)/((-6)/20). List the prime factors of (-2)/(-9) - q/(-18).
2, 7
What are the prime factors of -18 - -14 - (-1 + -902)?
29, 31
Let r = -73 - -98. What are the prime factors of r?
5
Suppose 0 = -2*b - 3*b + 55. Let u be (-4)/(-1 - -3)*(-40)/8. Let r = u + b. List the prime factors of r.
3, 7
Let x = 1221 - 465. What are the prime factors of x?
2, 3, 7
Let v = -1890 - -6574. List the prime factors of v.
2, 1171
List the prime factors of 4*680 - (-56)/8.
3, 101
List the prime factors of 63966/56*8/6.
1523
What are the prime factors of 4488*(-1 + (-56)/(-32))?
2, 3, 11, 17
Let j(u) = 30*u**2 - 46*u + 1. List the prime factors of j(5).
521
Let b = -29 + 31. Suppose 4*c + b*r + 52 = -3*r, -2*c + r = 40. What are the prime factors of 342/81 - (-4)/c?
2
Let a(b) = b**3 + 8*b**2 + 3. Let k be a(-8). Let r = 2 + k. Suppose f = -0*f - r*j + 77, -181 = -3*f - 5*j. List the prime factors of f.
2, 13
Suppose -5*z + 10243 = 5*p + 3073, -5*p - 2*z = -7167. List the prime factors of p.
1433
Let z = 49 - 44. Suppose -z*v + 89 = -246. What are the prime factors of v?
67
Suppose -6*x + 2*x - 12 = 4*h, -4*x + 2*h + 12 = 0. Suppose -m = -2 + x. List the prime factors of (m/3 - 0)*39.
13
What are the prime factors of 383 + (1 + (5 - 7))/1?
2, 191
Let b = 3212 - 1086. What are the prime factors of b?
2, 1063
Let f = -380 + 714. What are the prime factors of f?
2, 167
Let p(b) = 3*b - 5. Let g be p(5). Suppose -3*j + 14 = -g. Suppose 0 = a - 0*a - j. List the prime factors of a.
2
Suppose -2*b + y = 2, y = b + 3*b + 6. Let f(c) = -18*c**2 - 2*c. Let v be f(b). What are the prime factors of 2*-3*v/24?
17
Suppose 3*u + 1110 = 8*u. Suppose -u = 3*r - 4*r. Suppose -4*w + r = -18. What are the prime factors of w?
2, 3, 5
Let p(l) = 2*l**2 + 10*l - 7. Suppose 21 = -3*q - b, -3*q - 15 - 18 = -3*b. List the prime factors of p(q).
41
Let w(q) = 2*q**2 - 35*q + 22. What are the prime factors of w(19)?
79
Let p be (-18)/22 - 6/33. Let i(c) = 78*c**2 + c + 1. List the prime factors of i(p).
2, 3, 13
Let j(a) = -99*a. Let q be j(-3). Suppose 2*o - 11*o = -q. What are the prime factors of o?
3, 11
Let q = 49 - 55. What are the prime factors of -2 + ((-766)/q - (-4)/(-6))?
5
Let n(c) = -c**3 + 10*c**2 + 2*c + 27. What are the prime factors of n(6)?
3, 61
Let t(a) = -a**3 + 6*a**2 - 3*a - 5. Let x be 13/2 - 12/(-8). Suppose 2*u + u - x = -2*d, -4*u = 0. List the prime factors of t(d).
3, 5
Let y(z) = 65*z**3 - 3*z**2 - z + 3. List the prime factors of y(2).
509
Suppose -d = 4*u - 1695, 35*u + 6806 = 4*d + 38*u. What are the prime factors